{"id":35,"date":"2023-08-09T13:54:51","date_gmt":"2023-08-09T11:54:51","guid":{"rendered":"https:\/\/digital-experience.pl\/?page_id=35"},"modified":"2023-09-21T12:45:40","modified_gmt":"2023-09-21T10:45:40","slug":"kim-jestesmy","status":"publish","type":"page","link":"https:\/\/digital-experience.pl\/?page_id=35","title":{"rendered":"KIM JESTE\u015aMY?"},"content":{"rendered":"\r\n<p class=\"has-primary-font-family\" style=\"margin-top: var(--wp--preset--spacing--80); margin-bottom: var(--wp--preset--spacing--80);\">Zesp\u00f3\u0142 Digital Experience to kameralna grupa specjalist\u00f3w zajmuj\u0105cy si\u0119 szerokopoj\u0119tymi<strong> dzia\u0142aniami w zakresie marketingu<\/strong> (wi\u0119cej mo\u017cesz przeczyta\u0107 w zak\u0142adce <a href=\"https:\/\/digital-experience.pl\/?page_id=38\" data-type=\"page\" data-id=\"38\">&#8222;nasze dzia\u0142ania&#8221;<\/a>). Przyk\u0142adamy du\u017c\u0105 wag\u0119 zar\u00f3wno do <strong>do\u015bwiadczenia,<\/strong> kt\u00f3rym mog\u0105 pochwali\u0107 si\u0119 nasi specjali\u015bci, jak i stale d\u0105\u017cymy <strong>do rozwoju i zdobywania nowych umiej\u0119tno\u015bci <\/strong>poprzez szkolenia oraz czerpanie wiedzy od pozosta\u0142ych cz\u0142onk\u00f3w zespo\u0142u.<\/p>\r\n\r\n\r\n\r\n<p class=\"has-primary-font-family\" style=\"margin-top: var(--wp--preset--spacing--80); margin-bottom: var(--wp--preset--spacing--80);\">Zdajemy sobie spraw\u0119, \u017ce <strong>jedyn\u0105 sta\u0142\u0105 rzecz\u0105 w digital marketingu s\u0105 zmiany<\/strong>, dlatego stale \u015bledzimy portale bran\u017cowe i testujemy nowe rozwi\u0105zania. Naszymi komentarzami dotycz\u0105cymi najnowszych trend\u00f3w dzielimy si\u0119 na \u0142amach<a href=\"https:\/\/digital-experience.pl\/?page_id=42\" data-type=\"page\" data-id=\"42\"> bloga.<\/a><\/p>\r\n\r\n\r\n\r\n<p class=\"has-primary-font-family\">Je\u015bli masz jakie\u015b pytania dotycz\u0105ce pracy naszego zespo\u0142u, ch\u0119tnie na nie odpowiemy. <a href=\"https:\/\/digital-experience.pl\/?page_id=159\" data-type=\"page\" data-id=\"159\">Skontaktuj si\u0119 z nami!<\/a><\/p>\r\n\r\n\r\n\r\n<p>&nbsp;<\/p>\r\n\r\n\r\n\r\n<p class=\"has-primary-font-family\" style=\"font-size: 50px;\"><strong>CO NAS WYR\u00d3\u017bNIA?<\/strong><\/p>\r\n\r\n\r\n\r\n<div class=\"wp-block-columns is-layout-flex wp-container-core-columns-is-layout-28f84493 wp-block-columns-is-layout-flex\">\r\n<div class=\"wp-block-column is-layout-flow wp-block-column-is-layout-flow\">\r\n<div class=\"wp-block-gutenverse-image guten-element guten-image guten-DBi8ak animated guten-element-hide desktop-fadeInLeft\"><span class=\"guten-caption\"><img decoding=\"async\" class=\"alignnone size-medium wp-image-400\" src=\"https:\/\/digital-experience.pl\/wp-content\/uploads\/2023\/09\/1-1-300x300.png\" alt=\"\" width=\"300\" height=\"300\" srcset=\"https:\/\/digital-experience.pl\/wp-content\/uploads\/2023\/09\/1-1-300x300.png 300w, https:\/\/digital-experience.pl\/wp-content\/uploads\/2023\/09\/1-1-150x150.png 150w, https:\/\/digital-experience.pl\/wp-content\/uploads\/2023\/09\/1-1-768x768.png 768w, https:\/\/digital-experience.pl\/wp-content\/uploads\/2023\/09\/1-1.png 1000w\" sizes=\"(max-width: 300px) 100vw, 300px\" \/><\/span><\/div>\r\n<div class=\"wp-block-gutenverse-image guten-element guten-image guten-DBi8ak animated guten-element-hide desktop-fadeInLeft\"><span class=\"guten-caption\">KOMUNIKACJA<\/span><\/div>\r\n\r\n\r\n\r\n<p class=\"has-primary-font-family\">Uwa\u017camy, \u017ce dzia\u0142ania marketingowe to <strong>wsp\u00f3\u0142praca<\/strong> mi\u0119dzy agencj\u0105 a Klientem, dlatego stawiamy na <strong>komunikacj\u0119 <\/strong>i <strong>dopasowujemy (a tak\u017ce modyfikujemy!) nasz\u0105 ofert\u0119 i dzia\u0142ania do konkretnej marki. <\/strong><\/p>\r\n<\/div>\r\n\r\n\r\n\r\n<div class=\"wp-block-column is-layout-flow wp-block-column-is-layout-flow\">\r\n<div class=\"wp-block-gutenverse-image guten-element guten-image guten-0821Lb animated guten-element-hide desktop-fadeInLeft\"><span class=\"guten-caption\"><img decoding=\"async\" class=\"alignnone size-medium wp-image-401\" src=\"https:\/\/digital-experience.pl\/wp-content\/uploads\/2023\/09\/2-1-300x300.png\" alt=\"\" width=\"300\" height=\"300\" srcset=\"https:\/\/digital-experience.pl\/wp-content\/uploads\/2023\/09\/2-1-300x300.png 300w, https:\/\/digital-experience.pl\/wp-content\/uploads\/2023\/09\/2-1-150x150.png 150w, https:\/\/digital-experience.pl\/wp-content\/uploads\/2023\/09\/2-1-768x768.png 768w, https:\/\/digital-experience.pl\/wp-content\/uploads\/2023\/09\/2-1.png 1000w\" sizes=\"(max-width: 300px) 100vw, 300px\" \/><\/span><\/div>\r\n<div class=\"wp-block-gutenverse-image guten-element guten-image guten-0821Lb animated guten-element-hide desktop-fadeInLeft\"><span class=\"guten-caption\">ENERGIA<\/span><\/div>\r\n\r\n\r\n\r\n<p class=\"has-primary-font-family\" style=\"margin-top: 0; margin-bottom: 0;\">Jeste\u015bmy now\u0105 firm\u0105 na rynku, dlatego cechuje nas mn\u00f3stwo <strong>\u015bwie\u017cej energii.<\/strong> Ju\u017c nie mo\u017cemy doczeka\u0107 si\u0119 kolejnych wsp\u00f3\u0142prac! Jeste\u015bmy osobami z <strong>do\u015bwiadczeniem<\/strong>, kt\u00f3re rozpoczynaj\u0105 dzia\u0142alno\u015b\u0107 pod w\u0142asn\u0105 mark\u0105.<\/p>\r\n<\/div>\r\n\r\n\r\n\r\n<div class=\"wp-block-column is-layout-flow wp-block-column-is-layout-flow\">\r\n<div class=\"wp-block-gutenverse-image guten-element guten-image guten-gDoVeI animated guten-element-hide desktop-fadeInLeft\"><span class=\"guten-caption\"><img decoding=\"async\" class=\"alignnone size-medium wp-image-402\" src=\"https:\/\/digital-experience.pl\/wp-content\/uploads\/2023\/09\/3-300x300.png\" alt=\"\" width=\"300\" height=\"300\" srcset=\"https:\/\/digital-experience.pl\/wp-content\/uploads\/2023\/09\/3-300x300.png 300w, https:\/\/digital-experience.pl\/wp-content\/uploads\/2023\/09\/3-150x150.png 150w, https:\/\/digital-experience.pl\/wp-content\/uploads\/2023\/09\/3-768x768.png 768w, https:\/\/digital-experience.pl\/wp-content\/uploads\/2023\/09\/3.png 1000w\" sizes=\"(max-width: 300px) 100vw, 300px\" \/><\/span><\/div>\r\n<div class=\"wp-block-gutenverse-image guten-element guten-image guten-gDoVeI animated guten-element-hide desktop-fadeInLeft\"><span class=\"guten-caption\">ELASTYCZNO\u015a\u0106<\/span><\/div>\r\n\r\n\r\n\r\n<p class=\"has-primary-font-family\">\u0141\u0105czymy w sobie <strong>atuty zar\u00f3wno freelancera jak i agencji marketingowej. <\/strong>W jaki spos\u00f3b? Nasza agencja to grupa specjalist\u00f3w, kt\u00f3rzy <strong>czerpi\u0105 nawzajem ze swojego do\u015bwiadczenia<\/strong> zachowuj\u0105c <strong>elastyczno\u015b\u0107 <\/strong>charakterystyczn\u0105 dla freelancer\u00f3w.<\/p>\r\n<\/div>\r\n<\/div>\r\n\r\n\r\n\r\n<p style=\"margin-top: var(--wp--preset--spacing--80); margin-bottom: var(--wp--preset--spacing--80);\">\u00a0<\/p>\r\n","protected":false},"excerpt":{"rendered":"<p>Zesp\u00f3\u0142 Digital Experience to kameralna grupa specjalist\u00f3w zajmuj\u0105cy si\u0119 szerokopoj\u0119tymi dzia\u0142aniami w zakresie marketingu (wi\u0119cej mo\u017cesz przeczyta\u0107 w zak\u0142adce &#8222;nasze dzia\u0142ania&#8221;). Przyk\u0142adamy du\u017c\u0105 wag\u0119 zar\u00f3wno do do\u015bwiadczenia, kt\u00f3rym mog\u0105 pochwali\u0107 si\u0119 nasi specjali\u015bci, jak i stale d\u0105\u017cymy do rozwoju i zdobywania nowych umiej\u0119tno\u015bci poprzez szkolenia oraz czerpanie wiedzy od pozosta\u0142ych cz\u0142onk\u00f3w zespo\u0142u. Zdajemy sobie spraw\u0119, \u017ce jedyn\u0105 sta\u0142\u0105 rzecz\u0105 w digital marketingu s\u0105 zmiany, dlatego stale \u015bledzimy portale bran\u017cowe i testujemy nowe rozwi\u0105zania. Naszymi komentarzami dotycz\u0105cymi najnowszych trend\u00f3w dzielimy si\u0119 na \u0142amach bloga. Je\u015bli masz jakie\u015b pytania dotycz\u0105ce pracy naszego zespo\u0142u, ch\u0119tnie na nie odpowiemy. Skontaktuj si\u0119 z nami! &nbsp;<\/p>\n","protected":false},"author":2,"featured_media":0,"parent":0,"menu_order":0,"comment_status":"closed","ping_status":"closed","template":"","meta":{"footnotes":""},"class_list":["post-35","page","type-page","status-publish","hentry"],"_links":{"self":[{"href":"https:\/\/digital-experience.pl\/index.php?rest_route=\/wp\/v2\/pages\/35","targetHints":{"allow":["GET"]}}],"collection":[{"href":"https:\/\/digital-experience.pl\/index.php?rest_route=\/wp\/v2\/pages"}],"about":[{"href":"https:\/\/digital-experience.pl\/index.php?rest_route=\/wp\/v2\/types\/page"}],"author":[{"embeddable":true,"href":"https:\/\/digital-experience.pl\/index.php?rest_route=\/wp\/v2\/users\/2"}],"replies":[{"embeddable":true,"href":"https:\/\/digital-experience.pl\/index.php?rest_route=%2Fwp%2Fv2%2Fcomments&post=35"}],"version-history":[{"count":12,"href":"https:\/\/digital-experience.pl\/index.php?rest_route=\/wp\/v2\/pages\/35\/revisions"}],"predecessor-version":[{"id":399,"href":"https:\/\/digital-experience.pl\/index.php?rest_route=\/wp\/v2\/pages\/35\/revisions\/399"}],"wp:attachment":[{"href":"https:\/\/digital-experience.pl\/index.php?rest_route=%2Fwp%2Fv2%2Fmedia&parent=35"}],"curies":[{"name":"wp","href":"https:\/\/api.w.org\/{rel}","templated":true}]}}