{"id":38,"date":"2023-08-09T13:56:51","date_gmt":"2023-08-09T11:56:51","guid":{"rendered":"https:\/\/digital-experience.pl\/?page_id=38"},"modified":"2023-08-22T13:22:07","modified_gmt":"2023-08-22T11:22:07","slug":"co-robimy","status":"publish","type":"page","link":"https:\/\/digital-experience.pl\/?page_id=38","title":{"rendered":"NASZE DZIA\u0141ANIA"},"content":{"rendered":"\n<p><\/p>\n\n\n\n<p class=\"has-primary-font-family\" style=\"margin-top:var(--wp--preset--spacing--80);margin-bottom:var(--wp--preset--spacing--80)\">Je\u015bli <strong>digital marketing<\/strong> to nasz \u201ekonik&#8221;, to <strong>bran\u017ca eventowa<\/strong> jest z pewno\u015bci\u0105 nasz\u0105 \u201e&nbsp;gazelk\u0105&#8221; \ud83d\ude09 Ch\u0119tnie sprawimy, \u017ce Twoja marka b\u0119dzie bardziej widoczna w siedzi, i nie tylko&#8230; <\/p>\n\n\n\n<div class=\"wp-block-columns is-layout-flex wp-container-core-columns-is-layout-28f84493 wp-block-columns-is-layout-flex\">\n<div class=\"wp-block-column is-layout-flow wp-block-column-is-layout-flow\" style=\"flex-basis:66.66%\">\n<p class=\"has-primary-font-family\" style=\"margin-top:var(--wp--preset--spacing--40);margin-bottom:var(--wp--preset--spacing--40)\">W <strong>naszej ofercie <\/strong>znajdziesz: <\/p>\n\n\n\n<p class=\"has-primary-font-family\" style=\"margin-top:var(--wp--preset--spacing--40);margin-bottom:var(--wp--preset--spacing--40)\"><strong>\u2713 Budowanie strategii marketingowej <\/strong>\u2013 zdajemy sobie spraw\u0119, \u017ce nie ka\u017cda marka mo\u017ce pozwoli\u0107 sobie na przygotowanie kilkudziesi\u0119ciostronicowej kompleksowej strategii. Dlatego przygotujemy tak\u0105 strategi\u0119, kt\u00f3ra b\u0119dzie odpowiednia dla Twojej firmy. A co najwa\u017cniejsze przyniesie oczekiwane efekty! <\/p>\n\n\n\n<p class=\"has-primary-font-family\" style=\"margin-top:var(--wp--preset--spacing--40);margin-bottom:var(--wp--preset--spacing--40)\"><strong>\u2713 Copywriting i webwriting<\/strong> \u2013 mamy do\u015bwiadczenie w redagowaniu tre\u015bci zar\u00f3wno na strony internetowe, wpisy blogowe jak i tre\u015bci do broszur drukowanych. To oferta dla Ciebie, je\u015bli potrzebujesz tego mitycznego &#8222;lekkiego pi\u00f3ra&#8221;, o kt\u00f3rym wszyscy s\u0142yszeli, ale nie ka\u017cdy z nas je widzia\u0142. <\/p>\n\n\n\n<p class=\"has-primary-font-family\" style=\"margin-top:var(--wp--preset--spacing--40);margin-bottom:var(--wp--preset--spacing--40)\"><strong>\u2713 Projektowanie i wysy\u0142ka newsletter\u00f3w <\/strong>\u2013 e-mail marketing ma si\u0119 dobrze, ale je\u015bli szablon Twojego newslettera pozosta\u0142 w 2012 to ch\u0119tnie wprowadzimy go w XXI wiek. <\/p>\n\n\n\n<p class=\"has-primary-font-family\" style=\"margin-top:var(--wp--preset--spacing--40);margin-bottom:var(--wp--preset--spacing--40)\"><strong>\u2713 Kampanie Google Ads i META Ads<\/strong> \u2013 przygotowywanie chwytliwych tre\u015bci, ustalenie realnej grupy docelowej oraz bie\u017c\u0105ce monitorowanie i optymalizacja to nasze klucze do sukcesu. Inne systemy reklamowe (np. OLX Ads, czy Twitter Ads  tak\u017ce nie s\u0105 nam obce. <\/p>\n\n\n\n<p class=\"has-primary-font-family\" style=\"margin-top:var(--wp--preset--spacing--40);margin-bottom:var(--wp--preset--spacing--40)\"><strong>\u2713 Us\u0142ugi eventowe<\/strong> \u2013 popandemicznie wracamy do dzia\u0142ania, dlatego ch\u0119tnie zajmiemy si\u0119 przygotowaniem i promocj\u0105 eventu na terenie Warszawy i okolic, lub przygotujemy Twoje stoisko na targi lub inne wydarzenie bran\u017cowe. <\/p>\n\n\n\n<p class=\"has-primary-font-family\" style=\"margin-top:var(--wp--preset--spacing--40);margin-bottom:var(--wp--preset--spacing--40)\"><strong>\u2713 Szkolenia <\/strong>\u2013 dzi\u0119ki naszej wiedzy i do\u015bwiadczeniu generujemy coraz lepsze wyniki. Je\u015bli chcesz, mo\u017cemy podzieli\u0107 si\u0119 swoj\u0105 wiedz\u0105 z zakresu Digital marketingu i organizacji event\u00f3w.<\/p>\n<\/div>\n\n\n\n<div class=\"wp-block-column is-layout-flow wp-block-column-is-layout-flow\" style=\"flex-basis:33.33%\">\n<div class=\"wp-block-group is-layout-constrained wp-block-group-is-layout-constrained\">\n<div class=\"wp-block-gutenverse-image guten-element guten-image guten-X2o3OA animated guten-element-hide desktop-slideInUp\"><a class=\"guten-image-wrapper\"><img decoding=\"async\" class=\"gutenverse-image-box-filled\" src=\"https:\/\/digital-experience.pl\/wp-content\/uploads\/2023\/08\/2.png\" height=\"1000\" width=\"1000\"\/><\/a><\/div>\n\n\n\n<p style=\"margin-top:var(--wp--preset--spacing--80);margin-bottom:var(--wp--preset--spacing--80)\">                                                                                                          <\/p>\n\n\n\n<div class=\"wp-block-gutenverse-image guten-element guten-image guten-SOcckD animated guten-element-hide desktop-slideInDown\"><a class=\"guten-image-wrapper\"><img decoding=\"async\" class=\"gutenverse-image-box-filled\" src=\"https:\/\/digital-experience.pl\/wp-content\/uploads\/2023\/08\/Digital-Experience-3.png\" height=\"1000\" width=\"1000\"\/><\/a><\/div>\n<\/div>\n<\/div>\n<\/div>\n\n\n\n<p class=\"has-third-color has-text-color\"><\/p>\n\n\n\n<p class=\"has-primary-font-family\" style=\"margin-top:var(--wp--preset--spacing--70);margin-bottom:var(--wp--preset--spacing--70);font-size:50px\"><strong>GALOPUJ\u0104 Z NAMI:<\/strong><\/p>\n\n\n\n<div class=\"section-wrapper\" data-id=\"ciHZOa\"><section class=\"wp-block-gutenverse-section guten-element guten-section guten-ciHZOa layout-boxed align-stretch\"><div class=\"guten-background-overlay\"><\/div><div class=\"guten-shape-divider guten-shape-divider-top\"><\/div><div class=\"guten-shape-divider guten-shape-divider-bottom\"><\/div><div class=\"guten-container guten-column-gap-default\">\n<div class=\"wp-block-gutenverse-column guten-element guten-column guten-3IfbDu\"><div class=\"guten-background-overlay\"><\/div><div class=\"sticky-wrapper\" data-id=\"3IfbDu\"><div class=\"guten-column-wrapper\">\n<div class=\"section-wrapper\" data-id=\"MRNKgL\"><section class=\"wp-block-gutenverse-section guten-element guten-section guten-MRNKgL layout-boxed align-stretch\"><div class=\"guten-background-overlay\"><\/div><div class=\"guten-shape-divider guten-shape-divider-top\"><\/div><div class=\"guten-shape-divider guten-shape-divider-bottom\"><\/div><div class=\"guten-container guten-column-gap-default\">\n<div class=\"wp-block-gutenverse-column guten-element guten-column guten-NnuwMp\"><div class=\"guten-background-overlay\"><\/div><div class=\"sticky-wrapper\" data-id=\"NnuwMp\"><div class=\"guten-column-wrapper\">\n<div class=\"guten-element guten-client-logo grid-desktop-3 guten-E1gEyd animated guten-element-hide desktop-fadeInLeft arrow-bottom-edge\"><div class=\"client-list\"><div id=\"guten-E1gEyd\" class=\"swiper-container\" data-loop=\"false\" data-autoplay=\"true\" data-timeout=\"2400\" data-nav=\"false\" data-arrow=\"false\" data-breakpoints=\"{&quot;0&quot;:{&quot;spaceBetween&quot;:10,&quot;slidesPerView&quot;:1},&quot;768&quot;:{&quot;spaceBetween&quot;:10,&quot;slidesPerView&quot;:2},&quot;1024&quot;:{&quot;spaceBetween&quot;:8,&quot;slidesPerView&quot;:4}}\"><div class=\"swiper-wrapper\"><div class=\"swiper-slide image-list\"><div class=\"content-image\"><img decoding=\"async\" class=\"main-image\" src=\"https:\/\/digital-experience.pl\/wp-content\/uploads\/2023\/08\/logotyp.png\" alt=\"Robex\"\/><img decoding=\"async\" class=\"hover-image\" src=\"https:\/\/digital-experience.pl\/wp-content\/uploads\/2023\/08\/logotyp.png\" alt=\"Robex\"\/><\/div><\/div><div class=\"swiper-slide image-list\"><div class=\"content-image\"><img decoding=\"async\" class=\"main-image\" src=\"https:\/\/digital-experience.pl\/wp-content\/uploads\/2023\/08\/logo.png\" alt=\"Mixo-Bud\"\/><img decoding=\"async\" class=\"hover-image\" src=\"https:\/\/digital-experience.pl\/wp-content\/uploads\/2023\/08\/logo.png\" alt=\"Mixo-Bud\"\/><\/div><\/div><\/div><\/div><\/div><\/div>\n<\/div><\/div><\/div>\n<\/div><\/section><\/div>\n<\/div><\/div><\/div>\n<\/div><\/section><\/div>\n","protected":false},"excerpt":{"rendered":"<p>Je\u015bli digital marketing to nasz \u201ekonik&#8221;, to bran\u017ca eventowa jest z pewno\u015bci\u0105 nasz\u0105 \u201e&nbsp;gazelk\u0105&#8221; \ud83d\ude09 Ch\u0119tnie sprawimy, \u017ce Twoja marka b\u0119dzie bardziej widoczna w siedzi, i nie tylko&#8230; W naszej ofercie znajdziesz: \u2713 Budowanie strategii marketingowej \u2013 zdajemy sobie spraw\u0119, \u017ce nie ka\u017cda marka mo\u017ce pozwoli\u0107 sobie na przygotowanie kilkudziesi\u0119ciostronicowej kompleksowej strategii. Dlatego przygotujemy tak\u0105 strategi\u0119, kt\u00f3ra b\u0119dzie odpowiednia dla Twojej firmy. A co najwa\u017cniejsze przyniesie oczekiwane efekty! \u2713 Copywriting i webwriting \u2013 mamy do\u015bwiadczenie w redagowaniu tre\u015bci zar\u00f3wno na strony internetowe, wpisy blogowe jak i tre\u015bci do broszur drukowanych. To oferta dla Ciebie, je\u015bli potrzebujesz tego mitycznego &#8222;lekkiego pi\u00f3ra&#8221;,<\/p>\n","protected":false},"author":2,"featured_media":0,"parent":0,"menu_order":0,"comment_status":"closed","ping_status":"closed","template":"","meta":{"footnotes":""},"class_list":["post-38","page","type-page","status-publish","hentry"],"_links":{"self":[{"href":"https:\/\/digital-experience.pl\/index.php?rest_route=\/wp\/v2\/pages\/38","targetHints":{"allow":["GET"]}}],"collection":[{"href":"https:\/\/digital-experience.pl\/index.php?rest_route=\/wp\/v2\/pages"}],"about":[{"href":"https:\/\/digital-experience.pl\/index.php?rest_route=\/wp\/v2\/types\/page"}],"author":[{"embeddable":true,"href":"https:\/\/digital-experience.pl\/index.php?rest_route=\/wp\/v2\/users\/2"}],"replies":[{"embeddable":true,"href":"https:\/\/digital-experience.pl\/index.php?rest_route=%2Fwp%2Fv2%2Fcomments&post=38"}],"version-history":[{"count":25,"href":"https:\/\/digital-experience.pl\/index.php?rest_route=\/wp\/v2\/pages\/38\/revisions"}],"predecessor-version":[{"id":196,"href":"https:\/\/digital-experience.pl\/index.php?rest_route=\/wp\/v2\/pages\/38\/revisions\/196"}],"wp:attachment":[{"href":"https:\/\/digital-experience.pl\/index.php?rest_route=%2Fwp%2Fv2%2Fmedia&parent=38"}],"curies":[{"name":"wp","href":"https:\/\/api.w.org\/{rel}","templated":true}]}}